?
97
Let o(b) = -32*b**3 - 233*b**2 - 26*b - 14. Determine o(-7).
-273
Let r(f) = f**2 + 14*f - 8278. Give r(91).
1277
Let s(b) = 36*b + 7742. Determine s(-210).
182
Let i(m) = m**2 - 1122*m - 395854. What is i(-282)?
74
Let f(d) = d**3 + 9*d**2 - 325*d - 2374. Give f(-7).
-1
Let l(t) = -1420*t + 904558. What is l(637)?
18
Let f(y) = 386*y + 2380. Give f(-5).
450
Let b(i) = -204025*i - 1428169. Calculate b(-7).
6
Let t(h) = h**3 + 22*h**2 - 1125*h - 1060. Calculate t(-46).
-94
Let a(i) = 560*i + 1944. What is a(-4)?
-296
Let q(b) = b**3 - 15*b**2 + 1342*b - 23384. Calculate q(17).
8
Let n(i) = 2*i**2 - 641*i + 5821. Calculate n(311).
-88
Let g(l) = -l**3 - 125*l**2 + 281*l - 13131. Calculate g(-128).
53
Let d(k) = k**2 - 280*k + 3149. What is d(12)?
-67
Let h(s) = -8*s**3 - 1204*s**2 + 611*s + 1194. What is h(-151)?
137
Let h(d) = 61*d**2 - 247*d + 262. Calculate h(2).
12
Let n(m) = -533*m - 2083. Determine n(-7).
1648
Let i(x) = 503*x**2 + 4487*x - 332. What is i(-9)?
28
Let z(u) = 13*u**3 + 1704*u**2 + 129*u - 210. Give z(-131).
52
Let z(o) = 25*o**3 - 27*o**2 - 3*o - 11. Give z(3).
412
Let u(o) = -8041*o - 81392. Determine u(-10).
-982
Let c(g) = g**3 - 46*g**2 - 80*g - 283. Determine c(48).
485
Let t(o) = -o**3 + 450*o**2 + 1877*o - 27746. Calculate t(454).
-52
Let k(d) = -d**3 + 11*d**2 - 639*d + 5268. Give k(8).
348
Let z(h) = 30173*h - 19. Give z(0).
-19
Let z(w) = w**3 - 37*w**2 + 53*w - 402. What is z(36)?
210
Let g(r) = -81292*r - 1056822. Calculate g(-13).
-26
Let v(f) = -2*f**3 + 10*f**2 + 47*f - 191. Calculate v(8).
-199
Let b(j) = -1497*j - 408681. Determine b(-273).
0
Let r(h) = -h**3 - 13*h**2 + 424*h + 5962. Give r(-16).
-54
Let f(x) = 21*x**2 - 193*x - 2244. Determine f(-8).
644
Let v(c) = -145*c - 20330. What is v(-141)?
115
Let k(z) = 2*z**2 + 284*z + 2077. Give k(-8).
-67
Let h(t) = -5*t**3 + 185*t**2 - 936*t + 39. Give h(6).
3
Let h(k) = -3*k**2 + 269*k + 739. Determine h(87).
1435
Let b(p) = -2820*p + 5784. Determine b(2).
144
Let m(s) = 2948*s + 787131. Determine m(-267).
15
Let s(p) = -2*p**2 - 88*p - 215. What is s(0)?
-215
Let a(l) = 32*l**2 + 1410*l - 4541. Determine a(3).
-23
Let r(s) = -1527*s + 128278. What is r(84)?
10
Let o(z) = -92873*z - 464342. What is o(-5)?
23
Let c(n) = n**2 + 2434*n - 7284. Determine c(3).
27
Let u(a) = -12754*a + 8. What is u(0)?
8
Let c(j) = -j**3 + 133*j**2 + 1758*j + 91. Calculate c(-12).
-125
Let x(o) = -4*o**2 + 209*o + 1582. Calculate x(-7).
-77
Let x(c) = 17*c**2 + 24329*c - 21537. Determine x(-1432).
-57
Let y(p) = 104*p + 8544. Give y(-81).
120
Let r(n) = 6*n**2 + 476*n + 295. Calculate r(-76).
-1225
Let l(q) = -4*q**3 + 22*q**2 + 55*q - 223. Calculate l(7).
-132
Let i(b) = 2*b**3 - 756*b**2 - 898*b + 53040. What is i(379)?
-20
Let t(p) = -p**2 + 4492*p + 2784267. Calculate t(-552).
-21
Let w(q) = -970*q + 81485. Calculate w(85).
-965
Let d(o) = 3*o**3 + 332*o**2 - 683*o + 12200. Give d(-113).
-4
Let b(j) = -2*j**2 + 8561*j + 77224. What is b(-9)?
13
Let o(w) = w**3 - 63*w**2 - 12*w + 4978. Determine o(62).
390
Let j(d) = 3*d**2 + 271*d - 1749. Calculate j(6).
-15
Let v(l) = -53*l + 5445. What is v(103)?
-14
Let o(k) = -20*k**2 + 1861*k - 135. What is o(93)?
-42
Let h(w) = -w**2 - 2*w + 1609. Calculate h(-40).
89
Let a(l) = 485*l + 4885. Calculate a(-10).
35
Let w(g) = 2*g**3 - 39*g**2 + 160*g - 1964. Give w(18).
-56
Let v(z) = 4*z**2 - 2064*z + 16264. Determine v(8).
8
Let g(s) = -3*s**2 + 441*s + 4187. Determine g(-9).
-25
Let w(c) = 3987*c - 175443. Calculate w(44).
-15
Let u(z) = -954*z - 156465. Calculate u(-164).
-9
Let u(y) = 2*y**3 + 5922*y**2 + 17738*y - 23. Give u(-3).
7
Let c(f) = -7593*f + 75927. Calculate c(10).
-3
Let w(f) = 25*f**2 - 3358*f + 656. Give w(134).
-416
Let g(j) = -2*j**2 + 860*j - 13278. Calculate g(16).
-30
Let x(g) = -g**3 + 24*g**2 + 556*g + 342. Determine x(-14).
6
Let v(z) = -2*z**3 - 13*z**2 + 78*z + 759. Calculate v(-9).
462
Let y(b) = 952*b + 47567. Give y(-50).
-33
Let s(d) = d**3 + 51*d**2 - 457*d + 44. What is s(-59)?
-841
Let r(n) = -253*n**2 - 241*n + 716. What is r(3)?
-2284
Let z(i) = -2*i**3 - 70*i**2 - 300*i - 83. What is z(-30)?
-83
Let u(c) = 43*c**3 - 10*c**2 + 243*c - 234. What is u(1)?
42
Let b(l) = 2*l**3 + 4*l**2 + 118*l - 36. What is b(-7)?
-1352
Let i(q) = 3*q**3 - 269*q**2 + 935*q + 944. Give i(86).
-2
Let c(q) = 3013*q - 2820226. Give c(936).
-58
Let o(k) = -k**2 - 113*k - 1353. Calculate o(-11).
-231
Let u(c) = c**2 + 40710*c + 7739118. Calculate u(-191).
-11
Let m(x) = -374*x - 142120. Determine m(-380).
0
Let h(c) = -2*c**3 + 65*c**2 - 462*c + 223. What is h(8)?
-337
Let h(w) = 4128*w + 20646. Give h(-5).
6
Let q(k) = -k**3 - 99*k**2 - 2146*k + 4169. Calculate q(-65).
9
Let h(x) = -3*x**2 - 17385*x - 260458. What is h(-15)?
-358
Let q(l) = l**3 - 135*l**2 - l - 482. Determine q(135).
-617
Let r(k) = 3*k**3 - 34*k**2 - 87*k + 124. What is r(15)?
1294
Let f(l) = 107*l**2 + 204*l + 628. Give f(-3).
979
Let r(m) = -m**2 + 106*m + 44369. Determine r(269).
522
Let z(v) = 5*v**3 + 2*v**2 - 3081*v - 126. Give z(-25).
24
Let q(f) = 79*f**2 - 1290*f + 382. What is q(16)?
-34
Let y(t) = -t**2 - 73204*t + 439260. What is y(6)?
0
Let b(h) = -3*h**2 + 166*h - 1054. Determine b(31).
1209
Let p(k) = -3*k**3 + 1149*k**2 + 5846*k - 10083. Give p(388).
5
Let c(j) = 17*j**2 + 2639*j + 3201. Determine c(-154).
-33
Let u(g) = 3*g**3 - 180*g**2 - 606*g + 2449. Give u(63).
-8
Let c(g) = -25*g**2 - 67*g - 155. Give c(11).
-3917
Let z(j) = -18*j**2 + 2691*j + 1181. Give z(150).
-169
Let f(c) = -190*c**3 + 12*c**2 + 61*c - 133. Give f(2).
-1483
Let z(i) = -8189*i - 24558. Give z(-3).
9
Let p(k) = 526*k**2 + 638*k - 1919. Calculate p(3).
4729
Let p(y) = -2*y**3 - 8*y**2 + 1542*y + 4661. Calculate p(-3).
17
Let b(o) = 4*o**2 - 392705*o - 2356375. Determine b(-6).
-1
Let q(y) = 920*y - 21979. Calculate q(24).
101
Let d(l) = -l**3 - 8607*l**2 + 406741*l - 150. Calculate d(47).
-9
Let q(p) = 180240*p + 3424564. Determine q(-19).
4
Let w(m) = -3*m**3 - 69*m**2 - 30*m - 565. Calculate w(-23).
125
Let x(q) = -1511*q + 4429. Calculate x(3).
-104
Let y(n) = 4308*n - 81484. What is y(18)?
-3940
Let d(v) = -2*v**3 - 240*v**2 - 1990*v + 883. Give d(-111).
-5
Let i(u) = 3*u**3 + 2158*u**2 + 44010*u + 298. Calculate i(-21).
-17
Let s(i) = -3*i**3 - 17*i**2 + 30*i + 709. Calculate s(0).
709
Let o(m) = 14*m**2 - 1604*m - 255. What is o(113)?
-2741
Let p(b) = -3*b**2 + 1768*b - 104070. Give p(523).
7
Let x(m) = -14998*m + 149451. Give x(10).
-529
Let q(t) = -396*t + 86288. Determine q(218).
-40
Let z(x) = 5*x**3 - 36*x**2 - 133*x + 1023. Calculate z(7).
43
Let b(n) = -2*n**2 - 41426*n - 620953. What is b(-15)?
-13
Let t(n) = 1061*n**2 - 229176*n + 7. Determine t(216).
7
Let c(n) = 2*n**2 - 198*n - 4792. Determine c(-20).
-32
Let c(w) = w**2 - 115546*w + 1270966. What is c(11)?
81
Let j(o) = -1469*o**2 + 67*o + 2. Calculate j(-1).
-1534
Let w(d) = 34897*d + 802639. Give w(-23).
8
Let t(d) = -d**2 + 313*d + 16423. Calculate t(359).
-91
Let h(o) = 125*o - 4498. Calculate h(43).
877
Let l(b) = -b**3 + 64*b**2 - 361*b - 345. Calculate l(57).
1821
Let r(c) = -5*c**3 - 265*c**2 - c + 192. Calculate r(-53).
245
Let u(j) = -64*j**2 - 21565*j + 1015. Give u(-337).
4
Let u(j) = -j**3 + 19*j**2 - 155*j + 1033. Determine u(26).
-7729
Let a(z) = 146*z**2 - 10804*z + 53. Calculate a(74).
53
Let h(b) = -30*b**3 - 18*b**2 - 6*b + 45. What is h(-2)?
225
Let b(v) = -v**2 + 4645*v - 1135985. What is b(259)?
-11
Let k(y) = -y**3 - 155*y**2 + 155*y - 1330. Calculate k(-156).
-1174
Let d(g) = 3*g**3 + 21*g**2 - 153*g - 39. Determine d(8).
1617
Let z(j) = -4*j**2 + 1236*j + 55847. Give z(349).
7
Let g(d) = -371*d + 65657. What is g(177)?
-10
Let i(b) = -2*b**3 + 1092*b**2 + 22625*b - 283. Calculate i(-20).
17
Let b(r) = -112568*r + 4277635. Determine b(38).
51
Let a(x) = -883*x + 146225. Calculate a(166).
-353
Let d(k) = 2*k**3 + 69*k**2 - 724*k - 3041. Calculate d(11).
6
Let i(l) = l**3 + 10*l**2 - 9746*l - 48837. Calculate i(-5).
18
Let c(o) = o**2 + 26626*o - 159757. Give c(6).
35
Let b(o) = 12*o**2 + 1993*o + 9994. Determine b(-5).
329
Let g(s) = -17702*s + 513349. Give g(29).
-9
Let l(z) = -284*z - 55854. What is l(-197)?
94
Let m(a) = 1105*a - 335530. What is m(303)?
-715
Let 